
2980
In base 13, what is 18a2 + -3?
189c
In base 8, what is 6315 + 4?
6321
In base 6, what is -3344 - 4?
-3352
In base 6, what is -224 + -23?
-251
In base 16, what is 7 - 4f?
-48
In base 13, what is 2 + 5c?
61
In base 6, what is 41 - -12?
53
In base 15, what is 6b - 1?
6a
In base 10, what is 11 + 0?
11
In base 6, what is 0 + 2105?
2105
In base 16, what is 30d2 + -2?
30d0
In base 8, what is -4 - -2073?
2067
In base 6, what is -50254 - -1?
-50253
In base 14, what is 8 - -17d?
187
In base 7, what is 136 - -12?
151
In base 10, what is -2 - -65?
63
In base 5, what is 33 - 42?
-4
In base 12, what is 834 + 1?
835
In base 16, what is 17 + -1?
16
In base 8, what is 52557 - 2?
52555
In base 14, what is -b - -307?
2da
In base 16, what is 184 - -1?
185
In base 7, what is 50 - 4?
43
In base 15, what is -e - -16c?
15d
In base 3, what is -10 + -21201?
-21211
In base 3, what is 12211010 + 11?
12211021
In base 4, what is -121230 + 11?
-121213
In base 11, what is 3 + 52a?
532
In base 13, what is 5 - 285?
-280
In base 16, what is 2ea - -3?
2ed
In base 3, what is -10202 - 22220?
-110122
In base 2, what is 10100 - 11110?
-1010
In base 15, what is 5 - -78?
7d
In base 4, what is 331 - 1?
330
In base 12, what is -39 + 2?
-37
In base 14, what is 7ac - 2?
7aa
In base 2, what is -1010010 + -101?
-1010111
In base 11, what is -41 - -317?
286
In base 5, what is -2 + -1413?
-1420
In base 16, what is -21 - 5e?
-7f
In base 8, what is 145 + -6?
137
In base 8, what is -3350 - 5?
-3355
In base 8, what is 10 + 26?
36
In base 11, what is -1 + -46?
-47
In base 13, what is -11 + -c?
-20
In base 6, what is -105 + -5?
-114
In base 16, what is 2a + -b4?
-8a
In base 7, what is -11032 - 4?
-11036
In base 3, what is -201022 - 101?
-201200
In base 3, what is 0 + -20222011?
-20222011
In base 8, what is -45 + -16?
-63
In base 4, what is -1213 - -102?
-1111
In base 2, what is -1010000 + -111101?
-10001101
In base 8, what is -1525 - -2?
-1523
In base 4, what is -2001 - -3?
-1332
In base 5, what is 0 - -1132?
1132
In base 11, what is -3 + 32?
2a
In base 6, what is -4 - -22434?
22430
In base 5, what is -11 - 100?
-111
In base 15, what is -e1 + -14?
-105
In base 9, what is 14023 - 0?
14023
In base 11, what is -188 - 4?
-191
In base 11, what is 248 + -4a?
1a9
In base 6, what is 1 + 422?
423
In base 2, what is 101000100 + 11?
101000111
In base 6, what is 0 - 120?
-120
In base 9, what is -4 + 56?
52
In base 11, what is 224 + 0?
224
In base 3, what is 12 + -121?
-102
In base 9, what is -27 + -42?
-70
In base 15, what is 4 - -2c?
31
In base 11, what is -1 + 1a?
19
In base 5, what is -200 - 3?
-203
In base 8, what is 6 + -12?
-4
In base 7, what is -41053 + -5?
-41061
In base 16, what is -e8e + 5?
-e89
In base 4, what is 101 + -1310?
-1203
In base 13, what is 964 - 4?
960
In base 8, what is 3713 + -3?
3710
In base 5, what is 3 - -131?
134
In base 6, what is 5 + 40?
45
In base 15, what is -5 - -12?
c
In base 9, what is 2565 + 4?
2570
In base 5, what is -40 - 32?
-122
In base 7, what is 522 - 4?
515
In base 4, what is 2120 + 3?
2123
In base 4, what is 2101 + -331?
1110
In base 13, what is -3 - -43?
40
In base 9, what is 2 - -684?
686
In base 13, what is -6947 - 4?
-694b
In base 4, what is 1030103 - -2?
1030111
In base 14, what is -b52 - 1?
-b53
In base 12, what is 21 + -370?
-34b
In base 4, what is -2210211 - 3?
-2210220
In base 11, what is 2 - -1257?
1259
In base 9, what is 10 - -2885?
3005
In base 3, what is 1020 + 10?
1100
In base 6, what is -21 + 120?
55
In base 9, what is -11 + 14?
3
In base 12, what is -32152 - 5?
-32157
In base 13, what is -28a + 0?
-28a
In base 4, what is -131 - 21?
-212
In base 11, what is 1a06 + -4?
1a02
In base 10, what is -18 - 0?
-18
In base 9, what is -3 + -13?
-16
In base 6, what is 12 - 1053?
-1041
In base 15, what is -3 - -a4?
a1
In base 5, what is 11013 + 12?
11030
In base 13, what is 14a6 + -5?
14a1
In base 10, what is 2662 + 4?
2666
In base 10, what is 595 - 2?
593
In base 4, what is -23 + 2231?
2202
In base 7, what is 131 + 20?
151
In base 4, what is 132 - 10?
122
In base 14, what is 2 - -1b4?
1b6
In base 16, what is 2b + -290?
-265
In base 14, what is 28 + 4?
2c
In base 5, what is -10113 + 10?
-10103
In base 14, what is 5 + 18?
1d
In base 14, what is b + -11?
-4
In base 5, what is 4 - -3?
12
In base 8, what is -4 + 211?
205
In base 11, what is 1 + -27?
-26
In base 7, what is -11 + 132?
121
In base 2, what is 100001 + 10100?
110101
In base 10, what is -5 - 30?
-35
In base 15, what is -4 - 6c?
-71
In base 5, what is -20 + 302?
232
In base 9, what is -276 + 4?
-272
In base 3, what is 12 + -2220?
-2201
In base 11, what is 22 + 2?
24
In base 6, what is 42510 + 3?
42513
In base 7, what is 30 - -33?
63
In base 13, what is -4 + a4c?
a48
In base 10, what is 7 - 264?
-257
In base 11, what is -6 - -7a?
74
In base 7, what is -1652 + -2?
-1654
In base 13, what is -2bb - -5?
-2b6
In base 8, what is -2 - 236?
-240
In base 10, what is 4979 + 5?
4984
In base 13, what is 2 + 2b?
30
In base 12, what is -14 + -8?
-20
In base 13, what is 4 - ca?
-c6
In base 16, what is -74 + -1?
-75
In base 9, what is 24317 + -1?
24316
In base 12, what is -107 - -5?
-102
In base 14, what is 14b9 - 2?
14b7
In base 4, what is -130 - 11113?
-11303
In base 14, what is 2 - 5?
-3
In base 12, what is 3b - 14?
27
In base 6, what is -10 + 35432?
35422
In base 5, what is 2040220 - -4?
2040224
In base 6, what is -1 + 24122?
24121
In base 4, what is -13 + 20?
1
In base 4, what is -1111110 + 0?
-1111110
In base 7, what is 10 + -365?
-355
In base 2, what is 0 + -10100110?
-10100110
In base 4, what is 13 - -3010?
3023
In base 8, what is -25 - 40?
-65
In base 14, what is 1a - -71c?
738
In base 13, what is -15 - 2b?
-43
In base 8, what is 1 + -423?
-422
In base 11, what is -3 - -1aa?
1a7
In base 7, what is 120 + 125?
245
In base 4, what is -3 - -12221?
12212
In base 14, what is -3 + -c0?
-c3
In base 11, what is -5 + -30a?
-314
In base 3, what is -20 - -220221?
220201
In base 6, what is -31 + -25?
-100
In base 9, what is -1 - -6265?
6264
In base 16, what is 482 - 6?
47c
In base 6, what is 0 + -54?
-54
In base 5, what is 1403 - 11?
1342
In base 16, what is -11 - -3?
-e
In base 6, what is 2 - 12?
-10
In base 8, what is -10 - -341?
331
In base 14, what is -5 + 1a6?
1a1
In base 7, what is -2 + -402?
-404
In base 14, what is 0 - -1a7?
1a7
In base 13, what is b + -9?
2
In base 10, what is -135 + 21?
-114
In base 11, what is -287 - 3?
-28a
In base 4, what is 101330 - -2?
101332
In base 8, what is 4 - -6443?
6447
In base 5, what is -41344 - 1?
-41400
In base 10, what is -2 + -116?
-118
In base 9, what is -46 + -18?
-65
In base 4, what is -13222 - -132?
-13030
In base 6, what is 3 + -54?
-51
In base 16, what is -9e + 0?
-9e
In base 9, what is -611 - 1?
-612
In base 6, what is 44 - 153?
-105
In base 16, what is -2 - 38?
-3a
In base 2, what is 1000000010 - 100?
111111110
In base 11, what is -234 + -3?
-237
In base 9, what is 4002 - -11?
4013
In base 4, what is 10 - 31023?
-31013
In base 14, what is 2 + 3b3?
3b5
In base 15, what is -6b - -4?
-67
In base 16, what is -3 - -21?
1e
In base 6, what is -15 - 4402?
-4421
In base 13, what is -4 - 16?
-1a
In base 7, what is 110 + 30?
140
In base 6, what is -2 - 222?
-224
In base 10, what is -582 - 2?
-584
In base 13, what is -1 + -43?
-44
In base 3, what is -211 + 1?
-210
In base 12, what is -34 - 4?
-38
In base 5, what is -214 + -20?
-234
In base 4, what is -11210 - 11?
-11221
In base 11, what is 7 + -10?
-4
In base 3, what is 11 - -102?
120
In base 2, what is -100 + 1001?
101
In base 4, what is -132 + -210?
-1002
In base 2, what is 10001010 - 11?
10000111
In base 6, what is -1 + -224?
-225
In base 3, what is -22 - -22?
0
In base 5, what is -30 + 0?
-30
In base 13, what is -4 - -34?
30
In base 10, what is 1 - 16?
-15
In base 5, what is 224 - 33?
141
In base 4, what is -1300 + 22?
-1212
In base 7, what is -131 - -1?
-130
In base 10, what is 2 + -198?
-196
In base 7, what is 1 - 23056?
-23055
In base 9, what is 7 - 12?
-4
In base 16, what is -34d7 - -5?
-34d2
In base 16, what is a + 2f?
39
In base 6, what is -1 + -431?
-432
In base 2, what is -1011011 + -101111011?
-111010110
In base 3, what is -221111 - 1?
-221112
In base 8, what is 5 + -123?
-116
In base 10, what is 250 + -3?
247
In ba